f 31 and 961?
31
Calculate the greatest common factor of 1598 and 816.
34
What is the highest common divisor of 7480 and 272?
136
Calculate the highest common divisor of 77 and 1991.
11
Calculate the greatest common divisor of 116 and 145.
29
What is the greatest common divisor of 1720 and 6665?
215
What is the greatest common factor of 64 and 48?
16
Calculate the highest common factor of 148 and 518.
74
What is the greatest common factor of 242 and 66?
22
What is the greatest common divisor of 968 and 66?
22
What is the greatest common factor of 16 and 104?
8
Calculate the highest common divisor of 157 and 11461.
157
What is the greatest common factor of 528 and 2827?
11
What is the greatest common factor of 5 and 65?
5
Calculate the greatest common divisor of 483 and 105.
21
What is the greatest common divisor of 833 and 3969?
49
Calculate the greatest common factor of 280 and 440.
40
Calculate the greatest common divisor of 32 and 6112.
32
What is the greatest common factor of 171 and 399?
57
What is the highest common divisor of 1708 and 28?
28
What is the highest common divisor of 224 and 504?
56
What is the greatest common factor of 135 and 855?
45
Calculate the highest common factor of 4872 and 168.
168
What is the highest common divisor of 366 and 1952?
122
Calculate the greatest common factor of 8 and 20.
4
Calculate the greatest common divisor of 329 and 3196.
47
Calculate the greatest common factor of 696 and 936.
24
What is the greatest common factor of 6939 and 27?
27
What is the highest common divisor of 175 and 6700?
25
What is the highest common divisor of 1715 and 140?
35
What is the greatest common divisor of 119 and 85?
17
Calculate the highest common factor of 25871 and 41.
41
What is the greatest common factor of 32 and 8?
8
Calculate the highest common divisor of 58 and 2.
2
Calculate the greatest common factor of 100 and 460.
20
Calculate the highest common factor of 475 and 38.
19
What is the greatest common factor of 65 and 4?
1
What is the highest common factor of 1568 and 1323?
49
What is the greatest common factor of 529 and 184?
23
Calculate the greatest common factor of 187 and 121.
11
Calculate the highest common divisor of 61 and 3599.
61
Calculate the highest common factor of 112 and 938.
14
What is the highest common divisor of 39 and 1131?
39
What is the greatest common factor of 8 and 1048?
8
Calculate the greatest common divisor of 8415 and 90.
45
Calculate the greatest common divisor of 108 and 351.
27
What is the greatest common factor of 198 and 27?
9
Calculate the greatest common divisor of 352 and 64.
32
Calculate the highest common divisor of 3661 and 14.
7
Calculate the greatest common factor of 44 and 110.
22
What is the greatest common factor of 36141 and 42?
21
Calculate the greatest common divisor of 24 and 102.
6
Calculate the highest common divisor of 20 and 8210.
10
Calculate the highest common factor of 54 and 6336.
18
Calculate the greatest common factor of 10 and 2930.
10
Calculate the greatest common factor of 37575 and 167.
167
What is the highest common divisor of 528 and 814?
22
What is the highest common factor of 29972 and 236?
236
What is the highest common factor of 234 and 387?
9
What is the greatest common divisor of 28 and 1148?
28
Calculate the greatest common factor of 297 and 108.
27
What is the greatest common divisor of 50 and 260?
10
Calculate the highest common divisor of 25 and 35.
5
Calculate the highest common factor of 2792 and 16.
8
Calculate the highest common divisor of 56 and 17080.
56
Calculate the highest common divisor of 64 and 28.
4
What is the highest common factor of 572 and 308?
44
Calculate the highest common factor of 133 and 112.
7
Calculate the greatest common divisor of 6816 and 48.
48
Calculate the highest common factor of 2701 and 74.
37
Calculate the greatest common factor of 64 and 104.
8
What is the highest common divisor of 95 and 38?
19
What is the greatest common factor of 310 and 682?
62
Calculate the highest common divisor of 106 and 2862.
106
Calculate the greatest common factor of 740 and 100.
20
What is the greatest common factor of 67 and 7?
1
Calculate the greatest common factor of 560 and 35.
35
What is the highest common divisor of 2025 and 1080?
135
Calculate the greatest common divisor of 666 and 90.
18
Calculate the highest common factor of 222 and 4.
2
Calculate the greatest common factor of 9 and 10287.
9
What is the greatest common divisor of 27 and 828?
9
Calculate the greatest common divisor of 4 and 1076.
4
Calculate the highest common factor of 208 and 1712.
16
Calculate the highest common divisor of 12 and 16.
4
What is the greatest common factor of 10892 and 28?
28
Calculate the greatest common factor of 1047 and 3.
3
Calculate the greatest common divisor of 1055 and 10.
5
Calculate the highest common divisor of 736 and 92.
92
Calculate the greatest common divisor of 32 and 164.
4
What is the highest common divisor of 94 and 5546?
94
What is the highest common factor of 60 and 384?
12
Calculate the greatest common divisor of 17 and 4386.
17
Calculate the greatest common divisor of 7912 and 2408.
344
Calculate the highest common divisor of 42 and 602.
14
Calculate the highest common factor of 475 and 225.
25
Calculate the highest common divisor of 9 and 12861.
9
What is the highest common divisor of 87 and 3?
3
What is the greatest common divisor of 2292 and 12?
12
Calculate the greatest common divisor of 9 and 1773.
9
Calculate the highest common factor of 24 and 876.
12
Calculate the greatest common divisor of 176 and 64.
16
Calculate the greatest common factor of 5694 and 78.
78
Calculate the highest common factor of 12943 and 7.
7
What is the greatest common factor of 15 and 100?
5
What is the highest common divisor of 2060 and 40?
20
Calculate the highest common factor of 35 and 30.
5
What is the highest common factor of 237 and 316?
79
What is the greatest common factor of 52 and 26?
26
Calculate the greatest common divisor of 5712 and 21.
21
What is the highest common divisor of 15 and 2830?
5
What is the greatest common factor of 110 and 66?
22
What is the highest common factor of 8019 and 33?
33
Calculate the greatest common divisor of 319 and 374.
11
What is the greatest common factor of 54 and 729?
27
What is the greatest common divisor of 15367 and 254?
127
What is the greatest common factor of 319 and 609?
29
What is the greatest common divisor of 162 and 18?
18
Calculate the highest common factor of 24 and 318.
6
What is the greatest common divisor of 377 and 26?
13
What is the highest common factor of 296 and 16?
8
What is the greatest common divisor of 17 and 153?
17
Calculate the greatest common divisor of 9 and 14553.
9
Calculate the highest common divisor of 609 and 1044.
87
Calculate the greatest common divisor of 27 and 21.
3
What is the greatest common factor of 12 and 220?
4
Calculate the greatest common factor of 779 and 164.
41
What is the highest common divisor of 30 and 1515?
15
Calculate the highest common divisor of 8 and 596.
4
Calculate the highest common factor of 3149 and 47.
47
What is the highest common factor of 22 and 1727?
11
What is the highest common factor of 296 and 37?
37
What is the highest common factor of 36233 and 38?
19
Calculate the greatest common divisor of 84 and 8.
4
Calculate the highest common factor of 930 and 30.
30
What is the greatest common divisor of 627 and 114?
57
What is the highest common divisor of 620 and 980?
20
What is the highest common factor of 6510 and 210?
210
What is the highest common factor of 90 and 135?
45
What is the greatest common divisor of 87 and 12?
3
Calculate the greatest common divisor of 340 and 51.
17
What is the highest common factor of 1711 and 58?
29
Calculate the greatest common divisor of 532 and 1216.
76
Calculate the highest common divisor of 48 and 6.
6
Calculate the highest common factor of 228 and 12.
12
Calculate the highest common factor of 600 and 138.
6
What is the highest common factor of 128 and 1?
1
What is the highest common factor of 9231 and 408?
51
What is the greatest common factor of 2648 and 64?
8
What is the highest common divisor of 63 and 273?
21
Calculate the greatest common divisor of 171 and 63.
9
What